6*o. List the prime factors of o.
1459
Suppose -2*f + 3*w - 30 = 3*f, 3*f + 37 = -2*w. What are the prime factors of 9/(f/(-2))*4?
2
Let a = 435 + -426. List the prime factors of a.
3
Let d = 38 + -81. Let h = 71 + d. Suppose -3*j = -h - 128. What are the prime factors of j?
2, 13
Suppose 0 = 4*i - 2*z - 0*z - 3760, 2*z - 4682 = -5*i. Suppose -9*x = -2*x - i. What are the prime factors of x?
2, 67
Let j = 42 - -21. Suppose 2*l + 3*p = 44, p - 5 = -4*l + j. Suppose -3*o = l - 64. List the prime factors of o.
2
Let s(m) = 185*m**3 - 2*m**2 + 5*m - 4. List the prime factors of s(2).
2, 739
Suppose 991 = 3*h - 4*d - 5198, 0 = 4*h + 5*d - 8252. What are the prime factors of h?
2063
Suppose 6*k = 3*s + k, 0 = 4*s + 5*k. What are the prime factors of 1 + (s + 4)*17?
3, 23
Let x be 3/(-12) - (-3339)/12. Suppose -b - 4 - 45 = 3*p, 5*b = -4*p - x. Let y = b + 82. What are the prime factors of y?
2, 3
Suppose 0 = -3*h - 185 + 71. Let g be 1/4 + h/(-8). Suppose -q = 3, -5*t + q - g = -78. What are the prime factors of t?
2, 7
Let a(m) = -8*m - 66. What are the prime factors of a(-33)?
2, 3, 11
Let l(p) be the first derivative of p**4/4 - 7*p**3/3 + 4*p**2 - 5*p + 4. Let h be l(6). Let u(i) = i**3 - 8*i**2 + 9*i + 7. What are the prime factors of u(h)?
3, 7
What are the prime factors of ((-1748)/6 + 3)/((-1)/3)?
5, 173
Suppose 161912 = 71*k - 56839. What are the prime factors of k?
3, 13, 79
Let x = -41 + -185. Let u = x - 50. What are the prime factors of 2/10 + u/(-20)?
2, 7
Let u be (1157/(-26))/(2/(-64)). Suppose 1050 = 3*l + 2*x - 23, -4*x = -4*l + u. Suppose 5*h - l = -n - 17, -2*h - 3*n + 123 = 0. List the prime factors of h.
3, 23
Let w(f) = -f**3 + 4*f**2 + 5*f - 5. Let k be w(4). Let r = -16 + k. What are the prime factors of -3*(r + (-31)/3)?
2, 17
Suppose -11*q + 9*q + 402 = 0. What are the prime factors of q?
3, 67
Suppose -a + 4*a - 3*r - 2031 = 0, -4*a = 3*r - 2701. Suppose 0 = -6*l + 10*l - a. What are the prime factors of l?
13
Suppose -17360 = -65*b + 57*b. List the prime factors of b.
2, 5, 7, 31
Suppose 4*n - 4*v - 9298 = -n, n - 1859 = v. What are the prime factors of n?
2, 7, 19
Let k(d) = 12*d**2 + 10*d - 8. List the prime factors of k(-6).
2, 7, 13
Suppose -9 = -4*w - 1. Suppose f + 2*p - 43 = 0, -89 = -2*f - f + w*p. List the prime factors of f.
3, 11
Let x be (31/(-12) - 24/32)*-3. Let c = x + 124. What are the prime factors of c?
2, 67
Let s(l) = -2*l - 3 - 1 - 3. Suppose -26*j - 170 = -16*j. What are the prime factors of s(j)?
3
Let i(m) = -m**3 + 11*m**2 - m + 11. Let g be i(11). Suppose 6*f - 5*f = g. Suppose -2*x - 5*z + 41 = f, -3*x = -3*z + 20 - 113. List the prime factors of x.
2, 7
Suppose m - 5*m = -12. Suppose -4*f - 3 = f - 3*h, f + 3*h = m. What are the prime factors of 1 + f + 1 + 2?
2
Let g = 206 + -204. Suppose 0*u - 2*n - 2 = -3*u, 0 = 3*u + n - 8. Suppose 2*l - u*r = 80, -g*l + 5*r + 52 = -l. List the prime factors of l.
37
Suppose -l + 727 = -38. List the prime factors of l.
3, 5, 17
Let a(o) = 16*o - 2 - 78*o + 1 + 0. List the prime factors of a(-1).
61
List the prime factors of 5/(-3) + (-36988)/(-42).
3, 293
Let x(v) = v**2 + 1. Let z(j) = -2*j**2 + 8*j + 6. Let r(g) = -3*x(g) - z(g). Let k be r(-6). What are the prime factors of (k + (-20)/8)*82?
41
Let v(t) = 5*t**3 - 5*t**2 + t - 6*t**2 + 2*t**3 - 5 - 6*t**3. List the prime factors of v(12).
151
Suppose 0 = -5*x - 2*a, -22 = -x + a + 3*a. Suppose 0 = 4*q - x*b - 674, -b = 2*q + 2*b - 325. List the prime factors of q.
167
Suppose -4*g + 26 = -0*a + 3*a, -2*g = -5*a. Let q(f) = 9 - 2*f**2 + 0 + g*f**2 - 2*f**2 - 9*f. List the prime factors of q(10).
19
Suppose -w + 190 = 5*g, 3*w - 12 = 3*g - 144. What are the prime factors of g?
3, 13
Let q = 3 - 15. Let u(a) be the third derivative of -a**6/120 - a**5/5 - a**4/24 + a**3/6 - 9*a**2. List the prime factors of u(q).
13
What are the prime factors of (8/(-24))/(5/(-35520))?
2, 37
Suppose -2*p + 0*p = 2*p. Suppose c + 5*c - 546 = p. What are the prime factors of c?
7, 13
Let q be 34/(-8) + (-2)/(-8). Let c = q + 10. Suppose 0 = -5*k + r + 90, -c*r = 2*k - 3*r - 53. What are the prime factors of k?
19
Let u = 35 + -32. Suppose -4*a + 450 = -u*n, 2*n = -a + 65 + 42. List the prime factors of a.
3, 37
Let u(j) = -61*j + 60. What are the prime factors of u(-45)?
3, 5, 11, 17
Let t(h) = h**3 - 5*h**2 - 5*h - 4. Let f be t(6). Let p(v) = -5 + 0*v - 8 + f*v + v**2 + 2*v. What are the prime factors of p(-9)?
2
Let n be (0 + 4/(-12))*-15. Let m be 7 - n - (-2 + 1). Suppose -m*h + 28 = -26. List the prime factors of h.
2, 3
Let p = 3597 - -1549. What are the prime factors of p?
2, 31, 83
Let r(b) = -1179*b - 21. What are the prime factors of r(-2)?
3, 19, 41
Suppose -d - 5*d = 138. What are the prime factors of 4/(-2)*(-34 - d)?
2, 11
Let f be 4917/27 - 6/54. What are the prime factors of 3/(-15) + f/10?
2, 3
List the prime factors of (-6 + (-65)/(-10))*-10 + 839.
2, 3, 139
Suppose 4*p - 12 = 0, 4*p = -5*d + 43 + 14. Suppose -1263 + 183 = -d*k. What are the prime factors of k?
2, 3, 5
Let g = 97 - -4. List the prime factors of g.
101
Let h = 893 + -411. List the prime factors of h.
2, 241
Let f = -34 + 38. List the prime factors of (0 - -8)/f - -13.
3, 5
Suppose 3*y - 55 - 89 = 0. Suppose y*v - 44*v - 816 = 0. List the prime factors of v.
2, 3, 17
Suppose 8917 = 49*x - 1079. List the prime factors of x.
2, 3, 17
Let k = -353 - -802. What are the prime factors of k?
449
Let c(m) = m**3 + 26*m**2 + 33*m + 16. List the prime factors of c(-23).
2, 211
Suppose 8*i - 7*i - 36 = 0. Let v = i + 14. List the prime factors of v.
2, 5
Suppose 0 = 2*j + f - 68, -5*j - 2*f = -149 - 19. List the prime factors of j/(-6)*(-27)/3.
2, 3
Let g = 125 + 19. What are the prime factors of g?
2, 3
Let x(z) = 2*z - 8 - 3*z**2 - 6*z + 11 + 3*z. Let b be x(-3). List the prime factors of (-1)/((-3)/b)*-4.
2, 7
Suppose -4*a + 5 + 3 = 0, 2*p + 4 = 4*a. Suppose 7*k = p*k + 55. What are the prime factors of k?
11
Suppose k + 2*t = 391 + 1991, -4*k + t = -9519. List the prime factors of k.
2, 5, 7, 17
Let g(h) = h**2 - 3*h + 4. Let j be g(4). Suppose -22 = 2*r - 6*q + q, -2*q + j = 0. List the prime factors of r + (20 - 3/(-1)).
2, 11
Let z(p) be the second derivative of -p**5/20 - p**4/12 + 7*p**3/6 + 3*p**2/2 + 7*p. List the prime factors of z(-4).
23
Suppose 0*u + a + 135 = -u, -u - 2*a - 136 = 0. Let m = u - -226. Let h = m + -53. List the prime factors of h.
3, 13
Suppose -10*h + 42 = -7*h. Suppose 3 = -13*s + h*s. List the prime factors of -4 - (-1 - (s - -42)).
2, 3, 7
Let y = -16 + 48. Let r = y - 25. List the prime factors of r.
7
Suppose -22*s + 14741 = -15377. List the prime factors of s.
37
Let g(d) = -80*d + 341. List the prime factors of g(-44).
3, 11, 13
Let d(w) = 126*w**2 + 19*w - 32. What are the prime factors of d(5)?
3, 7, 17
Let t(n) = 98*n**2 + 42*n - 88. List the prime factors of t(2).
2, 97
Let g(w) = 246*w - 4. Let p be g(4). Suppose p = -h - 4*h. List the prime factors of 8/(3 + h/68).
2, 17
Let y = 15 - 15. Suppose y = 4*p - b - 4*b - 332, p - 2*b = 80. List the prime factors of p.
2, 11
Suppose 5*m = -2*s + 7*m + 288, m + 4 = 0. List the prime factors of s.
2, 5, 7
Suppose -q + 7*r - 2*r = 0, 5*r = 0. List the prime factors of 5/(q + 3/57).
5, 19
Let g(b) = 5*b**2 - 9. Let v = -107 + 110. What are the prime factors of g(v)?
2, 3
Let r(x) = -2*x + 18. Let w be r(9). Suppose 0 = -3*j - 4*h + 26, w*j - 2*h = 2*j - 14. Let y = j - -4. What are the prime factors of y?
2, 3
Suppose 0*w - 4*w + 40 = 0. Suppose -w*h + 50 = -9*h. List the prime factors of h.
2, 5
Let c be 0/(4 + -6 + 3). Suppose -60 = -g + 5*z, -100 = -2*g - c*z + 5*z. What are the prime factors of g?
2, 5
List the prime factors of ((-1071)/(-18))/((-2)/(-4)).
7, 17
Suppose 5*s = -677 + 2032. What are the prime factors of s?
271
Let q be (-6)/(-30) - (-2939)/5. Suppose 0 = -a + 5*a - q. What are the prime factors of a?
3, 7
Let o(d) = -91*d - 42. List the prime factors of o(-15).
3, 7
Let f = -9 - -18. Suppose -910 - 53 = -f*z. List the prime factors of z.
107
Suppose 7*a - 567 = 8624. List the prime factors of a.
13, 101
Let z be (-4)/(-8)*(6 + -4). What are the prime factors of z/(24/(-16)*2/(-267))?
89
Let d = 4 - -2. Let h be 2/d - (-1792)/42. Let f = h - -8. 